{"id":2,"date":"2023-08-04T11:38:53","date_gmt":"2023-08-04T11:38:53","guid":{"rendered":"https:\/\/editorapantanal.com.br\/blog\/?page_id=2"},"modified":"2025-09-27T12:35:56","modified_gmt":"2025-09-27T12:35:56","slug":"como-publicar","status":"publish","type":"page","link":"https:\/\/editorapantanal.com.br\/blog\/como-publicar\/","title":{"rendered":"Como publicar?"},"content":{"rendered":"\n<p>Fundada em 2019 por Alan, Jorge e Bruno, a Pantanal Editora nasceu com a miss\u00e3o de publicar trabalhos cient\u00edficos in\u00e9ditos atrav\u00e9s de colet\u00e2neas tem\u00e1ticas bimestrais. Rapidamente, expandimos nosso escopo para incluir uma variedade de textos acad\u00eamicos e liter\u00e1rios. Nossa prioridade \u00e9 democratizar o acesso ao conhecimento, apoiando ativamente a divulga\u00e7\u00e3o da pesquisa cient\u00edfica e acad\u00eamica. Para aprimorar a qualidade e o alcance de nossas publica\u00e7\u00f5es, lan\u00e7amos em 2023 o peri\u00f3dico de acesso aberto com revis\u00e3o por pares,\u00a0<a href=\"https:\/\/editorapantanal.com.br\/journal\/index.php\/taes\/about\" target=\"_blank\" rel=\"noreferrer noopener\">Trends in Agricultural and Environmental Sciences (TAES)<\/a>. Em 2024, implementamos a plataforma\u00a0<a href=\"https:\/\/editorapantanal.com.br\/submissao\" target=\"_blank\" rel=\"noreferrer noopener\">Open Monograph Press<\/a>, que moderniza a submiss\u00e3o e o acompanhamento de e-books para autores e revisores. Estamos focados no futuro e em como a Intelig\u00eancia Artificial pode otimizar nossos processos de divulga\u00e7\u00e3o, revis\u00e3o e produ\u00e7\u00e3o editorial.<\/p>\n\n\n\n<p>Para mais detalhes, acesse nossa p\u00e1gina <a href=\"https:\/\/editorapantanal.com.br\/submissao\">https:\/\/editorapantanal.com.br\/submissao<\/a> e conhe\u00e7a os prazos para submiss\u00e3o e \u00e1reas, bem como as taxas cobradas.<\/p>\n","protected":false},"excerpt":{"rendered":"<p>Fundada em 2019 por Alan, Jorge e Bruno, a Pantanal Editora nasceu com a miss\u00e3o de publicar trabalhos cient\u00edficos in\u00e9ditos atrav\u00e9s de colet\u00e2neas tem\u00e1ticas bimestrais. Rapidamente, expandimos nosso escopo para incluir uma variedade de textos acad\u00eamicos e liter\u00e1rios. Nossa prioridade \u00e9 democratizar o acesso ao conhecimento, apoiando ativamente a divulga\u00e7\u00e3o da pesquisa cient\u00edfica e acad\u00eamica. [&hellip;]<\/p>\n","protected":false},"author":2,"featured_media":0,"parent":0,"menu_order":0,"comment_status":"closed","ping_status":"closed","template":"","meta":{"footnotes":""},"class_list":["post-2","page","type-page","status-publish","hentry"],"blocksy_meta":[],"yoast_head":"<!-- This site is optimized with the Yoast SEO plugin v27.5 - https:\/\/yoast.com\/product\/yoast-seo-wordpress\/ -->\n<title>Como publicar seu trabalho cient\u00edfico?<\/title>\n<meta name=\"description\" content=\"Entenda os meios e recursos disponibilizados pela Pantanal Editora para publicar seu trabalho cient\u00edfico e divulg\u00e1-lo nos principais meios.\" \/>\n<meta name=\"robots\" content=\"index, follow, max-snippet:-1, max-image-preview:large, max-video-preview:-1\" \/>\n<link rel=\"canonical\" href=\"https:\/\/editorapantanal.com.br\/blog\/como-publicar\/\" \/>\n<meta property=\"og:locale\" content=\"pt_PT\" \/>\n<meta property=\"og:type\" content=\"article\" \/>\n<meta property=\"og:title\" content=\"Como publicar seu trabalho cient\u00edfico?\" \/>\n<meta property=\"og:description\" content=\"Entenda os meios e recursos disponibilizados pela Pantanal Editora para publicar seu trabalho cient\u00edfico e divulg\u00e1-lo nos principais meios.\" \/>\n<meta property=\"og:url\" content=\"https:\/\/editorapantanal.com.br\/blog\/como-publicar\/\" \/>\n<meta property=\"og:site_name\" content=\"Blog - Pantanal Editora\" \/>\n<meta property=\"article:modified_time\" content=\"2025-09-27T12:35:56+00:00\" \/>\n<meta name=\"twitter:card\" content=\"summary_large_image\" \/>\n<meta name=\"twitter:label1\" content=\"Tempo estimado de leitura\" \/>\n\t<meta name=\"twitter:data1\" content=\"1 minuto\" \/>\n<script type=\"application\/ld+json\" class=\"yoast-schema-graph\">{\"@context\":\"https:\\\/\\\/schema.org\",\"@graph\":[{\"@type\":\"WebPage\",\"@id\":\"https:\\\/\\\/editorapantanal.com.br\\\/blog\\\/como-publicar\\\/\",\"url\":\"https:\\\/\\\/editorapantanal.com.br\\\/blog\\\/como-publicar\\\/\",\"name\":\"Como publicar seu trabalho cient\u00edfico?\",\"isPartOf\":{\"@id\":\"https:\\\/\\\/editorapantanal.com.br\\\/blog\\\/#website\"},\"datePublished\":\"2023-08-04T11:38:53+00:00\",\"dateModified\":\"2025-09-27T12:35:56+00:00\",\"description\":\"Entenda os meios e recursos disponibilizados pela Pantanal Editora para publicar seu trabalho cient\u00edfico e divulg\u00e1-lo nos principais meios.\",\"breadcrumb\":{\"@id\":\"https:\\\/\\\/editorapantanal.com.br\\\/blog\\\/como-publicar\\\/#breadcrumb\"},\"inLanguage\":\"pt-PT\",\"potentialAction\":[{\"@type\":\"ReadAction\",\"target\":[\"https:\\\/\\\/editorapantanal.com.br\\\/blog\\\/como-publicar\\\/\"]}]},{\"@type\":\"BreadcrumbList\",\"@id\":\"https:\\\/\\\/editorapantanal.com.br\\\/blog\\\/como-publicar\\\/#breadcrumb\",\"itemListElement\":[{\"@type\":\"ListItem\",\"position\":1,\"name\":\"Home\",\"item\":\"https:\\\/\\\/editorapantanal.com.br\\\/blog\\\/\"},{\"@type\":\"ListItem\",\"position\":2,\"name\":\"Como publicar seu trabalho cient\u00edfico?\"}]},{\"@type\":\"WebSite\",\"@id\":\"https:\\\/\\\/editorapantanal.com.br\\\/blog\\\/#website\",\"url\":\"https:\\\/\\\/editorapantanal.com.br\\\/blog\\\/\",\"name\":\"Blog - Pantanal Editora\",\"description\":\"Artigos, Not&iacute;cias, Dicas e Atualiza&ccedil;&otilde;es sobre PUBLICA&Ccedil;&Atilde;O CIENT&Iacute;FICA\",\"publisher\":{\"@id\":\"https:\\\/\\\/editorapantanal.com.br\\\/blog\\\/#organization\"},\"potentialAction\":[{\"@type\":\"SearchAction\",\"target\":{\"@type\":\"EntryPoint\",\"urlTemplate\":\"https:\\\/\\\/editorapantanal.com.br\\\/blog\\\/?s={search_term_string}\"},\"query-input\":{\"@type\":\"PropertyValueSpecification\",\"valueRequired\":true,\"valueName\":\"search_term_string\"}}],\"inLanguage\":\"pt-PT\"},{\"@type\":\"Organization\",\"@id\":\"https:\\\/\\\/editorapantanal.com.br\\\/blog\\\/#organization\",\"name\":\"Blog - Pantanal Editora\",\"url\":\"https:\\\/\\\/editorapantanal.com.br\\\/blog\\\/\",\"logo\":{\"@type\":\"ImageObject\",\"inLanguage\":\"pt-PT\",\"@id\":\"https:\\\/\\\/editorapantanal.com.br\\\/blog\\\/#\\\/schema\\\/logo\\\/image\\\/\",\"url\":\"https:\\\/\\\/editorapantanal.com.br\\\/blog\\\/wp-content\\\/uploads\\\/2023\\\/08\\\/logo_PRETO.png\",\"contentUrl\":\"https:\\\/\\\/editorapantanal.com.br\\\/blog\\\/wp-content\\\/uploads\\\/2023\\\/08\\\/logo_PRETO.png\",\"width\":334,\"height\":222,\"caption\":\"Blog - Pantanal Editora\"},\"image\":{\"@id\":\"https:\\\/\\\/editorapantanal.com.br\\\/blog\\\/#\\\/schema\\\/logo\\\/image\\\/\"}}]}<\/script>\n<!-- \/ Yoast SEO plugin. -->","yoast_head_json":{"title":"Como publicar seu trabalho cient\u00edfico?","description":"Entenda os meios e recursos disponibilizados pela Pantanal Editora para publicar seu trabalho cient\u00edfico e divulg\u00e1-lo nos principais meios.","robots":{"index":"index","follow":"follow","max-snippet":"max-snippet:-1","max-image-preview":"max-image-preview:large","max-video-preview":"max-video-preview:-1"},"canonical":"https:\/\/editorapantanal.com.br\/blog\/como-publicar\/","og_locale":"pt_PT","og_type":"article","og_title":"Como publicar seu trabalho cient\u00edfico?","og_description":"Entenda os meios e recursos disponibilizados pela Pantanal Editora para publicar seu trabalho cient\u00edfico e divulg\u00e1-lo nos principais meios.","og_url":"https:\/\/editorapantanal.com.br\/blog\/como-publicar\/","og_site_name":"Blog - Pantanal Editora","article_modified_time":"2025-09-27T12:35:56+00:00","twitter_card":"summary_large_image","twitter_misc":{"Tempo estimado de leitura":"1 minuto"},"schema":{"@context":"https:\/\/schema.org","@graph":[{"@type":"WebPage","@id":"https:\/\/editorapantanal.com.br\/blog\/como-publicar\/","url":"https:\/\/editorapantanal.com.br\/blog\/como-publicar\/","name":"Como publicar seu trabalho cient\u00edfico?","isPartOf":{"@id":"https:\/\/editorapantanal.com.br\/blog\/#website"},"datePublished":"2023-08-04T11:38:53+00:00","dateModified":"2025-09-27T12:35:56+00:00","description":"Entenda os meios e recursos disponibilizados pela Pantanal Editora para publicar seu trabalho cient\u00edfico e divulg\u00e1-lo nos principais meios.","breadcrumb":{"@id":"https:\/\/editorapantanal.com.br\/blog\/como-publicar\/#breadcrumb"},"inLanguage":"pt-PT","potentialAction":[{"@type":"ReadAction","target":["https:\/\/editorapantanal.com.br\/blog\/como-publicar\/"]}]},{"@type":"BreadcrumbList","@id":"https:\/\/editorapantanal.com.br\/blog\/como-publicar\/#breadcrumb","itemListElement":[{"@type":"ListItem","position":1,"name":"Home","item":"https:\/\/editorapantanal.com.br\/blog\/"},{"@type":"ListItem","position":2,"name":"Como publicar seu trabalho cient\u00edfico?"}]},{"@type":"WebSite","@id":"https:\/\/editorapantanal.com.br\/blog\/#website","url":"https:\/\/editorapantanal.com.br\/blog\/","name":"Blog - Pantanal Editora","description":"Artigos, Not&iacute;cias, Dicas e Atualiza&ccedil;&otilde;es sobre PUBLICA&Ccedil;&Atilde;O CIENT&Iacute;FICA","publisher":{"@id":"https:\/\/editorapantanal.com.br\/blog\/#organization"},"potentialAction":[{"@type":"SearchAction","target":{"@type":"EntryPoint","urlTemplate":"https:\/\/editorapantanal.com.br\/blog\/?s={search_term_string}"},"query-input":{"@type":"PropertyValueSpecification","valueRequired":true,"valueName":"search_term_string"}}],"inLanguage":"pt-PT"},{"@type":"Organization","@id":"https:\/\/editorapantanal.com.br\/blog\/#organization","name":"Blog - Pantanal Editora","url":"https:\/\/editorapantanal.com.br\/blog\/","logo":{"@type":"ImageObject","inLanguage":"pt-PT","@id":"https:\/\/editorapantanal.com.br\/blog\/#\/schema\/logo\/image\/","url":"https:\/\/editorapantanal.com.br\/blog\/wp-content\/uploads\/2023\/08\/logo_PRETO.png","contentUrl":"https:\/\/editorapantanal.com.br\/blog\/wp-content\/uploads\/2023\/08\/logo_PRETO.png","width":334,"height":222,"caption":"Blog - Pantanal Editora"},"image":{"@id":"https:\/\/editorapantanal.com.br\/blog\/#\/schema\/logo\/image\/"}}]}},"_links":{"self":[{"href":"https:\/\/editorapantanal.com.br\/blog\/wp-json\/wp\/v2\/pages\/2","targetHints":{"allow":["GET"]}}],"collection":[{"href":"https:\/\/editorapantanal.com.br\/blog\/wp-json\/wp\/v2\/pages"}],"about":[{"href":"https:\/\/editorapantanal.com.br\/blog\/wp-json\/wp\/v2\/types\/page"}],"author":[{"embeddable":true,"href":"https:\/\/editorapantanal.com.br\/blog\/wp-json\/wp\/v2\/users\/2"}],"replies":[{"embeddable":true,"href":"https:\/\/editorapantanal.com.br\/blog\/wp-json\/wp\/v2\/comments?post=2"}],"version-history":[{"count":4,"href":"https:\/\/editorapantanal.com.br\/blog\/wp-json\/wp\/v2\/pages\/2\/revisions"}],"predecessor-version":[{"id":173,"href":"https:\/\/editorapantanal.com.br\/blog\/wp-json\/wp\/v2\/pages\/2\/revisions\/173"}],"wp:attachment":[{"href":"https:\/\/editorapantanal.com.br\/blog\/wp-json\/wp\/v2\/media?parent=2"}],"curies":[{"name":"wp","href":"https:\/\/api.w.org\/{rel}","templated":true}]}}